is divided by 1008?
1006
Calculate the remainder when 128415 is divided by 622.
283
Calculate the remainder when 19505 is divided by 2334.
833
Calculate the remainder when 2895992 is divided by 663.
8
What is the remainder when 1513461 is divided by 2018?
1979
What is the remainder when 315626 is divided by 334?
330
What is the remainder when 28570549 is divided by 36?
13
Calculate the remainder when 2960938 is divided by 134580.
178
What is the remainder when 54810988 is divided by 1180?
1168
Calculate the remainder when 253675 is divided by 1713.
151
Calculate the remainder when 3052073 is divided by 28793.
15
Calculate the remainder when 4148728 is divided by 625.
603
Calculate the remainder when 1006991 is divided by 444.
443
What is the remainder when 2598029 is divided by 36?
17
Calculate the remainder when 99896077 is divided by 85.
82
What is the remainder when 77803 is divided by 330?
253
What is the remainder when 4854779 is divided by 1024?
1019
Calculate the remainder when 19818899 is divided by 380.
379
Calculate the remainder when 1467583 is divided by 923.
13
Calculate the remainder when 359665 is divided by 467.
75
What is the remainder when 60445 is divided by 88?
77
Calculate the remainder when 69746 is divided by 5694.
1418
Calculate the remainder when 21169859 is divided by 329.
25
Calculate the remainder when 773283 is divided by 257754.
21
What is the remainder when 347947 is divided by 86986?
3
Calculate the remainder when 224406 is divided by 2155.
286
Calculate the remainder when 10714826 is divided by 2142951.
71
Calculate the remainder when 884205 is divided by 399.
21
What is the remainder when 722245 is divided by 144421?
140
Calculate the remainder when 8301525 is divided by 2767110.
195
What is the remainder when 9688878 is divided by 815?
158
What is the remainder when 413713346 is divided by 90?
86
Calculate the remainder when 2271045 is divided by 11474.
10667
What is the remainder when 5354576 is divided by 2677288?
0
What is the remainder when 1028344 is divided by 1401?
10
What is the remainder when 11682 is divided by 1305?
1242
Calculate the remainder when 3809787 is divided by 3492.
15
What is the remainder when 1380322 is divided by 1390?
52
What is the remainder when 1660081 is divided by 8788?
7937
Calculate the remainder when 28922703 is divided by 1729.
1720
Calculate the remainder when 194391 is divided by 11498.
10423
Calculate the remainder when 940401300 is divided by 186.
180
Calculate the remainder when 144952 is divided by 200.
152
What is the remainder when 5405020 is divided by 26?
10
What is the remainder when 239158758 is divided by 482?
480
Calculate the remainder when 470631 is divided by 29385.
471
Calculate the remainder when 20950 is divided by 571.
394
Calculate the remainder when 65044249 is divided by 1621.
3
Calculate the remainder when 9461253 is divided by 1892249.
8
Calculate the remainder when 29995858 is divided by 208.
178
Calculate the remainder when 2462873 is divided by 1230360.
2153
Calculate the remainder when 27208 is divided by 6780.
88
What is the remainder when 8741606 is divided by 262?
238
What is the remainder when 688344 is divided by 107?
13
Calculate the remainder when 222380925 is divided by 828.
825
What is the remainder when 32632 is divided by 94?
14
Calculate the remainder when 1152867 is divided by 3762.
1695
What is the remainder when 1683649 is divided by 24052?
9
What is the remainder when 322307493 is divided by 5894?
5891
What is the remainder when 108355278 is divided by 680?
678
Calculate the remainder when 15821527 is divided by 206.
109
Calculate the remainder when 2445123 is divided by 11063.
200
What is the remainder when 39984062 is divided by 32?
30
Calculate the remainder when 63844 is divided by 656.
212
What is the remainder when 188250 is divided by 1742?
114
What is the remainder when 6211101 is divided by 238888?
13
What is the remainder when 884069 is divided by 94?
93
Calculate the remainder when 28193711 is divided by 197158.
117
What is the remainder when 4801069 is divided by 1200256?
45
Calculate the remainder when 49081584 is divided by 46968.
24
Calculate the remainder when 2644 is divided by 2507.
137
Calculate the remainder when 9306 is divided by 2233.
374
Calculate the remainder when 16522208 is divided by 49320.
8
Calculate the remainder when 16712296 is divided by 1571.
1569
What is the remainder when 407767 is divided by 14052?
259
What is the remainder when 2308460 is divided by 758?
350
Calculate the remainder when 87901 is divided by 214.
161
Calculate the remainder when 19731493 is divided by 791.
789
Calculate the remainder when 28549 is divided by 1390.
749
What is the remainder when 300312204 is divided by 35?
24
Calculate the remainder when 254390 is divided by 986.
2
Calculate the remainder when 31294 is divided by 34.
14
Calculate the remainder when 51180802 is divided by 30.
22
Calculate the remainder when 3117109 is divided by 197.
175
What is the remainder when 3821293 is divided by 19?
13
What is the remainder when 37006007 is divided by 214?
57
What is the remainder when 12104843 is divided by 1460?
1443
What is the remainder when 24250 is divided by 7762?
964
Calculate the remainder when 198794 is divided by 2146.
1362
What is the remainder when 124502933 is divided by 578?
577
What is the remainder when 16047194 is divided by 13273?
137
What is the remainder when 6959000 is divided by 1391792?
40
What is the remainder when 71761715 is divided by 25795?
25
Calculate the remainder when 7189077 is divided by 2396305.
162
What is the remainder when 10937169 is divided by 18?
9
What is the remainder when 75505047 is divided by 150?
147
What is the remainder when 4398723 is divided by 632?
3
Calculate the remainder when 334562 is divided by 3158.
2972
Calculate the remainder when 13810833 is divided by 35142.
27
What is the remainder when 1599110 is divided by 737?
557
Calculate the remainder when 5133341 is divided by 1044.
1037
Calculate the remainder when 247184 is divided by 46.
26
What is the remainder when 727438 is divided by 15?
13
Calculate the remainder when 1102726 is divided by 67.
40
Calculate the remainder when 1531961 is divided by 153190.
61
What is the remainder when 3063410 is divided by 180?
170
What is the remainder when 23190731 is divided by 14?
11
Calculate the remainder when 22022 is divided by 7046.
884
Calculate the remainder when 350885 is divided by 350824.
61
What is the remainder when 787924 is divided by 19?
13
Calculate the remainder when 7336906 is divided by 12782.
38
Calculate the remainder when 110421917 is divided by 110421914.
3
Calculate the remainder when 1921188 is divided by 29108.
60
Calculate the remainder when 31255 is divided by 21.
7
What is the remainder when 8143785 is divided by 56554?
9
Calculate the remainder when 30129603 is divided by 10043168.
99
Calculate the remainder when 46113494 is divided by 1542.
1526
What is the remainder when 266338 is divided by 3061?
31
What is the remainder when 210960853 is divided by 945?
943
Calculate the remainder when 52320119 is divided by 3156.
3107
Calculate the remainder when 3866798 is divided by 302.
292
Calculate the remainder when 549500 is divided by 28909.
229
What is the remainder when 127595212 is divided by 8?
4
What is the remainder when 1998930 is divided by 302?
294
What is the remainder when 925336 is divided by 816?
808
What is the remainder when 1392487330 is divided by 7699?
7695
What is the remainder when 1933734 is divided by 1965?
174
What is the remainder when 44116789 is divided by 1414?
1403
Calculate the remainder when 2855146 is divided by 570993.
181
Calculate the remainder when 3660225 is divided by 7.
2
Calculate the remainder when 1778511 is divided by 1884.
15
Calculate the remainder when 991023 is divided by 1507.
924
What is the remainder when 209909 is divided by 2?
1
Calculate the remainder when 28551 is divided by 735.
621
Calculate the remainder when 33251548 is divided by 92.
80
What is the remainder when 1118384 is divided by 43?
40
What is the remainder when 1156138 is divided by 1286?
24
Calculate the remainder when 59918944 is divided by 8450.
8444
Calculate the remainder w